{"id":4730,"date":"2017-03-14T08:27:05","date_gmt":"2017-03-14T08:27:05","guid":{"rendered":"http:\/\/rebellion.edge-themes.com\/?page_id=4730"},"modified":"2018-07-10T01:49:37","modified_gmt":"2018-07-09T23:49:37","slug":"le-groupe-sabaly","status":"publish","type":"page","link":"https:\/\/sabaly.fr\/index.php\/le-groupe-sabaly\/","title":{"rendered":"Le Groupe"},"content":{"rendered":"<p>[vc_row row_type=\u00a0\u00bbparallax\u00a0\u00bb content_width=\u00a0\u00bbgrid\u00a0\u00bb content_aligment=\u00a0\u00bbcenter\u00a0\u00bb el_id=\u00a0\u00bbimage-container\u00a0\u00bb][vc_column el_id=\u00a0\u00bbtest\u00a0\u00bb]<div class=\"edgtf-elements-holder edgtf-responsive-mode-768\" ><div class=\"edgtf-elements-holder-item \" data-item-class=\"edgtf-elements-holder-custom-390730\" data-1280-1440=\"10.2% 0\" data-1024-1280=\"15% 0\" data-768-1024=\"15% 0\" data-600-768=\"15% 0\" data-480-600=\"15% 0\" data-480=\"8% 0\" style=\"background-image: url(https:\/\/sabaly.fr\/wp-content\/uploads\/2018\/07\/DSC01096-recadr\u00e9-trait\u00e9-e1531171349915.jpg)\">\n\t<div class=\"edgtf-elements-holder-item-inner\">\n\t\t<div class=\"edgtf-elements-holder-item-content edgtf-elements-holder-custom-390730\" style=\"padding: 22% 0%!important\">\n\t\t\t\t\t<\/div>\n\t<\/div>\n<\/div><\/div>[\/vc_column][\/vc_row][vc_row content_width=\u00a0\u00bbgrid\u00a0\u00bb content_aligment=\u00a0\u00bbcenter\u00a0\u00bb css=\u00a0\u00bb.vc_custom_1531171971269{padding-top: 10px !important;padding-bottom: 28px !important;}\u00a0\u00bb][vc_column offset=\u00a0\u00bbvc_col-lg-offset-2 vc_col-lg-8 vc_col-md-offset-3 vc_col-md-8&Prime;][vc_column_text]<\/p>\n<h2>LE <span style=\"color: #e95050;\">GROUPE<\/span><\/h2>\n<p>[\/vc_column_text][vc_empty_space height=\u00a0\u00bb10px\u00a0\u00bb][vc_column_text]<\/p>\n<p style=\"text-align: left;\">Form\u00e9 en 2004, Sabaly se dresse comme un pont entre Afrique\u00a0et France. Ce mariage entre instruments \u00e9lectriques et africains est un m\u00e9lange r\u00e9ussi de tradition et de modernit\u00e9 pour un\u00a0groupe qui se veut la repr\u00e9sentation d&rsquo;un monde ouvert et\u00a0cosmopolite.<br \/>\nIssouf Monkoro chanteur charismatique du groupe est un vrai\u00a0chauffeur d&rsquo;ambiance et sa joie de vivre est communicative.<br \/>\nD&rsquo;une voix puissante et chaude, il porte des textes \u00e9crits en\u00a0fran\u00e7ais et en djoula, dialecte du Burkina. S&rsquo;inspirant<br \/>\nde la vie et du quotidien ses chansons d\u00e9livrent avec sinc\u00e9rit\u00e9 et simplicit\u00e9\u00a0un message d&rsquo;amour, de paix et de sagesse.<br \/>\nLa musique de Sabaly prend bien ses racines en Afrique mais\u00a0curieuse de nature, elle se fraye un chemin de par le monde pour ce teinter de rock, de funk et de reggae.<br \/>\nSon r\u00e9pertoire rythm\u00e9, festif et m\u00eame parfois explosif, est une envo\u00fbtante invitation \u00e0 la danse.\u00a0Entre les diff\u00e9rents instruments le dialogue est constant et offre\u00a0une grande place \u00e0 l&rsquo;improvisation et \u00e0 la magie de l&rsquo;instant.\u00a0Balafon, N&rsquo;goni, N&rsquo;tama et autres percussions typiques de\u00a0l&rsquo;Afrique portent l&rsquo;auditeur sur des terres couleur pourpre.<br \/>\nEn djoula Sabaly veut dire la voie du zen et c&rsquo;est bien dans cet\u00a0\u00e9tat d&rsquo;esprit que les membres du groupe ont d\u00e9cid\u00e9 de vivre leur musique.<\/p>\n<p>[\/vc_column_text][\/vc_column][\/vc_row][vc_row content_width=\u00a0\u00bbgrid\u00a0\u00bb content_aligment=\u00a0\u00bbcenter\u00a0\u00bb css=\u00a0\u00bb.vc_custom_1489481828931{padding-top: 45px !important;padding-bottom: 45px !important;}\u00a0\u00bb][vc_column offset=\u00a0\u00bbvc_col-lg-3 vc_col-md-6&Prime;]\n<div class=\"edgtf-team main-info-below-image\">\n\t<div class=\"edgtf-team-inner\">\n\t\t\t\t\t<div class=\"edgtf-team-image\">\n <img width=\"1365\" height=\"2048\" src=\"https:\/\/sabaly.fr\/wp-content\/uploads\/2018\/07\/IMG_2961-1.jpg\" class=\"attachment-full size-full\" alt=\"\" loading=\"lazy\" srcset=\"https:\/\/sabaly.fr\/wp-content\/uploads\/2018\/07\/IMG_2961-1.jpg 1365w, https:\/\/sabaly.fr\/wp-content\/uploads\/2018\/07\/IMG_2961-1-200x300.jpg 200w, https:\/\/sabaly.fr\/wp-content\/uploads\/2018\/07\/IMG_2961-1-768x1152.jpg 768w, https:\/\/sabaly.fr\/wp-content\/uploads\/2018\/07\/IMG_2961-1-683x1024.jpg 683w, https:\/\/sabaly.fr\/wp-content\/uploads\/2018\/07\/IMG_2961-1-600x900.jpg 600w\" sizes=\"(max-width: 1365px) 100vw, 1365px\" \/>\t\t\t<\/div>\n\t\t\n\t\t\t\t\t<div class=\"edgtf-team-info\">\n\t\t\t\t\t\t\t\t\t<div class=\"edgtf-team-title-holder normal_social\">\n\t\t\t\t\t\t\t\t\t\t\t\t\t<h5 class=\"edgtf-team-name\">\n\t\t\t\t\t\t\t\tLoic Butterlin\t\t\t\t\t\t\t<\/h5>\n\t\t\t\t\t\t\t\t\t\t\t\t\t\t\t\t\t\t\t<p class=\"edgtf-team-position\">Batterie, percussions, choeurs<\/p>\n\t\t\t\t\t\t\t\t\t\t\t<\/div>\n\t\t\t\t\n\t\t\t\t\n\t\t<div class=\"edgtf-team-social-holder-between\">\n\t\t\t<div class=\"edgtf-team-social normal_social\">\n\t\t\t\t<div class=\"edgtf-team-social-inner\">\n\t\t\t\t\t<div class=\"edgtf-team-social-wrapp\">\n\n\t\t\t\t\t\t\n\t\t\t\t\t<\/div>\n\t\t\t\t<\/div>\n\t\t\t<\/div>\n\t\t<\/div>\n\n\t\t<\/div>\n\t<\/div>\n<\/div>[\/vc_column][vc_column offset=\u00a0\u00bbvc_col-lg-3 vc_col-md-6&Prime;]\n<div class=\"edgtf-team main-info-below-image\">\n\t<div class=\"edgtf-team-inner\">\n\t\t\t\t\t<div class=\"edgtf-team-image\">\n <img width=\"1365\" height=\"2048\" src=\"https:\/\/sabaly.fr\/wp-content\/uploads\/2018\/07\/IMG_2971.jpg\" class=\"attachment-full size-full\" alt=\"\" loading=\"lazy\" srcset=\"https:\/\/sabaly.fr\/wp-content\/uploads\/2018\/07\/IMG_2971.jpg 1365w, https:\/\/sabaly.fr\/wp-content\/uploads\/2018\/07\/IMG_2971-200x300.jpg 200w, https:\/\/sabaly.fr\/wp-content\/uploads\/2018\/07\/IMG_2971-768x1152.jpg 768w, https:\/\/sabaly.fr\/wp-content\/uploads\/2018\/07\/IMG_2971-683x1024.jpg 683w, https:\/\/sabaly.fr\/wp-content\/uploads\/2018\/07\/IMG_2971-600x900.jpg 600w\" sizes=\"(max-width: 1365px) 100vw, 1365px\" \/>\t\t\t<\/div>\n\t\t\n\t\t\t\t\t<div class=\"edgtf-team-info\">\n\t\t\t\t\t\t\t\t\t<div class=\"edgtf-team-title-holder normal_social\">\n\t\t\t\t\t\t\t\t\t\t\t\t\t<h5 class=\"edgtf-team-name\">\n\t\t\t\t\t\t\t\tFrancis Dschoutezo\t\t\t\t\t\t\t<\/h5>\n\t\t\t\t\t\t\t\t\t\t\t\t\t\t\t\t\t\t\t<p class=\"edgtf-team-position\">Bass, choeurs<\/p>\n\t\t\t\t\t\t\t\t\t\t\t<\/div>\n\t\t\t\t\n\t\t\t\t\n\t\t<div class=\"edgtf-team-social-holder-between\">\n\t\t\t<div class=\"edgtf-team-social normal_social\">\n\t\t\t\t<div class=\"edgtf-team-social-inner\">\n\t\t\t\t\t<div class=\"edgtf-team-social-wrapp\">\n\n\t\t\t\t\t\t\n\t\t\t\t\t<\/div>\n\t\t\t\t<\/div>\n\t\t\t<\/div>\n\t\t<\/div>\n\n\t\t<\/div>\n\t<\/div>\n<\/div>[\/vc_column][vc_column offset=\u00a0\u00bbvc_col-lg-3 vc_col-md-6&Prime;]\n<div class=\"edgtf-team main-info-below-image\">\n\t<div class=\"edgtf-team-inner\">\n\t\t\t\t\t<div class=\"edgtf-team-image\">\n <img width=\"1365\" height=\"2048\" src=\"https:\/\/sabaly.fr\/wp-content\/uploads\/2018\/07\/IMG_2963.jpg\" class=\"attachment-full size-full\" alt=\"\" loading=\"lazy\" srcset=\"https:\/\/sabaly.fr\/wp-content\/uploads\/2018\/07\/IMG_2963.jpg 1365w, https:\/\/sabaly.fr\/wp-content\/uploads\/2018\/07\/IMG_2963-200x300.jpg 200w, https:\/\/sabaly.fr\/wp-content\/uploads\/2018\/07\/IMG_2963-768x1152.jpg 768w, https:\/\/sabaly.fr\/wp-content\/uploads\/2018\/07\/IMG_2963-683x1024.jpg 683w, https:\/\/sabaly.fr\/wp-content\/uploads\/2018\/07\/IMG_2963-600x900.jpg 600w\" sizes=\"(max-width: 1365px) 100vw, 1365px\" \/>\t\t\t<\/div>\n\t\t\n\t\t\t\t\t<div class=\"edgtf-team-info\">\n\t\t\t\t\t\t\t\t\t<div class=\"edgtf-team-title-holder normal_social\">\n\t\t\t\t\t\t\t\t\t\t\t\t\t<h5 class=\"edgtf-team-name\">\n\t\t\t\t\t\t\t\tIssouf Mounkoro\t\t\t\t\t\t\t<\/h5>\n\t\t\t\t\t\t\t\t\t\t\t\t\t\t\t\t\t\t\t<p class=\"edgtf-team-position\">Chant lead, Kora, N&#039;goni, N&#039;tama<\/p>\n\t\t\t\t\t\t\t\t\t\t\t<\/div>\n\t\t\t\t\n\t\t\t\t\n\t\t<div class=\"edgtf-team-social-holder-between\">\n\t\t\t<div class=\"edgtf-team-social normal_social\">\n\t\t\t\t<div class=\"edgtf-team-social-inner\">\n\t\t\t\t\t<div class=\"edgtf-team-social-wrapp\">\n\n\t\t\t\t\t\t\n\t\t\t\t\t<\/div>\n\t\t\t\t<\/div>\n\t\t\t<\/div>\n\t\t<\/div>\n\n\t\t<\/div>\n\t<\/div>\n<\/div>[\/vc_column][vc_column offset=\u00a0\u00bbvc_col-lg-3 vc_col-md-6&Prime;]\n<div class=\"edgtf-team main-info-below-image\">\n\t<div class=\"edgtf-team-inner\">\n\t\t\t\t\t<div class=\"edgtf-team-image\">\n <img width=\"1365\" height=\"2048\" src=\"https:\/\/sabaly.fr\/wp-content\/uploads\/2018\/07\/IMG_2972-1.jpg\" class=\"attachment-full size-full\" alt=\"\" loading=\"lazy\" srcset=\"https:\/\/sabaly.fr\/wp-content\/uploads\/2018\/07\/IMG_2972-1.jpg 1365w, https:\/\/sabaly.fr\/wp-content\/uploads\/2018\/07\/IMG_2972-1-200x300.jpg 200w, https:\/\/sabaly.fr\/wp-content\/uploads\/2018\/07\/IMG_2972-1-768x1152.jpg 768w, https:\/\/sabaly.fr\/wp-content\/uploads\/2018\/07\/IMG_2972-1-683x1024.jpg 683w, https:\/\/sabaly.fr\/wp-content\/uploads\/2018\/07\/IMG_2972-1-600x900.jpg 600w\" sizes=\"(max-width: 1365px) 100vw, 1365px\" \/>\t\t\t<\/div>\n\t\t\n\t\t\t\t\t<div class=\"edgtf-team-info\">\n\t\t\t\t\t\t\t\t\t<div class=\"edgtf-team-title-holder normal_social\">\n\t\t\t\t\t\t\t\t\t\t\t\t\t<h5 class=\"edgtf-team-name\">\n\t\t\t\t\t\t\t\tNaguibe Yaya\t\t\t\t\t\t\t<\/h5>\n\t\t\t\t\t\t\t\t\t\t\t\t\t\t\t\t\t\t\t<p class=\"edgtf-team-position\">Guitare, choeurs<\/p>\n\t\t\t\t\t\t\t\t\t\t\t<\/div>\n\t\t\t\t\n\t\t\t\t\n\t\t<div class=\"edgtf-team-social-holder-between\">\n\t\t\t<div class=\"edgtf-team-social normal_social\">\n\t\t\t\t<div class=\"edgtf-team-social-inner\">\n\t\t\t\t\t<div class=\"edgtf-team-social-wrapp\">\n\n\t\t\t\t\t\t\n\t\t\t\t\t<\/div>\n\t\t\t\t<\/div>\n\t\t\t<\/div>\n\t\t<\/div>\n\n\t\t<\/div>\n\t<\/div>\n<\/div>[\/vc_column][\/vc_row]<\/p>\n","protected":false},"excerpt":{"rendered":"<p>[vc_row row_type=\u00a0\u00bbparallax\u00a0\u00bb content_width=\u00a0\u00bbgrid\u00a0\u00bb content_aligment=\u00a0\u00bbcenter\u00a0\u00bb el_id=\u00a0\u00bbimage-container\u00a0\u00bb][vc_column el_id=\u00a0\u00bbtest\u00a0\u00bb][\/vc_column][\/vc_row][vc_row content_width=\u00a0\u00bbgrid\u00a0\u00bb content_aligment=\u00a0\u00bbcenter\u00a0\u00bb css=\u00a0\u00bb.vc_custom_1531171971269{padding-top: 10px !important;padding-bottom: 28px !important;}\u00a0\u00bb][vc_column offset=\u00a0\u00bbvc_col-lg-offset-2 vc_col-lg-8 vc_col-md-offset-3 vc_col-md-8&Prime;][vc_column_text] LE GROUPE [\/vc_column_text][vc_empty_space height=\u00a0\u00bb10px\u00a0\u00bb][vc_column_text] Form\u00e9 en 2004, Sabaly se dresse comme un pont entre Afrique\u00a0et France. Ce mariage entre instruments \u00e9lectriques et africains est un m\u00e9lange r\u00e9ussi de&#8230;<\/p>\n","protected":false},"author":1,"featured_media":0,"parent":0,"menu_order":0,"comment_status":"closed","ping_status":"closed","template":"full-width.php","meta":[],"_links":{"self":[{"href":"https:\/\/sabaly.fr\/index.php\/wp-json\/wp\/v2\/pages\/4730"}],"collection":[{"href":"https:\/\/sabaly.fr\/index.php\/wp-json\/wp\/v2\/pages"}],"about":[{"href":"https:\/\/sabaly.fr\/index.php\/wp-json\/wp\/v2\/types\/page"}],"author":[{"embeddable":true,"href":"https:\/\/sabaly.fr\/index.php\/wp-json\/wp\/v2\/users\/1"}],"replies":[{"embeddable":true,"href":"https:\/\/sabaly.fr\/index.php\/wp-json\/wp\/v2\/comments?post=4730"}],"version-history":[{"count":17,"href":"https:\/\/sabaly.fr\/index.php\/wp-json\/wp\/v2\/pages\/4730\/revisions"}],"predecessor-version":[{"id":7521,"href":"https:\/\/sabaly.fr\/index.php\/wp-json\/wp\/v2\/pages\/4730\/revisions\/7521"}],"wp:attachment":[{"href":"https:\/\/sabaly.fr\/index.php\/wp-json\/wp\/v2\/media?parent=4730"}],"curies":[{"name":"wp","href":"https:\/\/api.w.org\/{rel}","templated":true}]}}

<p>[vc_row row_type= »parallax » content_width= »grid » content_aligment= »center » el_id= »image-container »][vc_column el_id= »test »]<div class="edgtf-elements-holder edgtf-responsive-mode-768" ><div class="edgtf-elements-holder-item " data-item-class="edgtf-elements-holder-custom-390730" data-1280-1440="10.2% 0" data-1024-1280="15% 0" data-768-1024="15% 0" data-600-768="15% 0" data-480-600="15% 0" data-480="8% 0" style="background-image: url(https://sabaly.fr/wp-content/uploads/2018/07/DSC01096-recadré-traité-e1531171349915.jpg)">
	<div class="edgtf-elements-holder-item-inner">
		<div class="edgtf-elements-holder-item-content edgtf-elements-holder-custom-390730" style="padding: 22% 0%!important">
					</div>
	</div>
</div></div>[/vc_column][/vc_row][vc_row content_width= »grid » content_aligment= »center » css= ».vc_custom_1531171971269{padding-top: 10px !important;padding-bottom: 28px !important;} »][vc_column offset= »vc_col-lg-offset-2 vc_col-lg-8 vc_col-md-offset-3 vc_col-md-8&Prime;][vc_column_text]</p>
<h2>LE <span style="color: #e95050;">GROUPE</span></h2>
<p>[/vc_column_text][vc_empty_space height= »10px »][vc_column_text]</p>
<p style="text-align: left;">Formé en 2004, Sabaly se dresse comme un pont entre Afrique et France. Ce mariage entre instruments électriques et africains est un mélange réussi de tradition et de modernité pour un groupe qui se veut la représentation d&rsquo;un monde ouvert et cosmopolite.<br />
Issouf Monkoro chanteur charismatique du groupe est un vrai chauffeur d&rsquo;ambiance et sa joie de vivre est communicative.<br />
D&rsquo;une voix puissante et chaude, il porte des textes écrits en français et en djoula, dialecte du Burkina. S&rsquo;inspirant<br />
de la vie et du quotidien ses chansons délivrent avec sincérité et simplicité un message d&rsquo;amour, de paix et de sagesse.<br />
La musique de Sabaly prend bien ses racines en Afrique mais curieuse de nature, elle se fraye un chemin de par le monde pour ce teinter de rock, de funk et de reggae.<br />
Son répertoire rythmé, festif et même parfois explosif, est une envoûtante invitation à la danse. Entre les différents instruments le dialogue est constant et offre une grande place à l&rsquo;improvisation et à la magie de l&rsquo;instant. Balafon, N&rsquo;goni, N&rsquo;tama et autres percussions typiques de l&rsquo;Afrique portent l&rsquo;auditeur sur des terres couleur pourpre.<br />
En djoula Sabaly veut dire la voie du zen et c&rsquo;est bien dans cet état d&rsquo;esprit que les membres du groupe ont décidé de vivre leur musique.</p>
<p>[/vc_column_text][/vc_column][/vc_row][vc_row content_width= »grid » content_aligment= »center » css= ».vc_custom_1489481828931{padding-top: 45px !important;padding-bottom: 45px !important;} »][vc_column offset= »vc_col-lg-3 vc_col-md-6&Prime;]
<div class="edgtf-team main-info-below-image">
	<div class="edgtf-team-inner">
					<div class="edgtf-team-image">
 <img width="1365" height="2048" src="https://sabaly.fr/wp-content/uploads/2018/07/IMG_2961-1.jpg" class="attachment-full size-full" alt="" loading="lazy" srcset="https://sabaly.fr/wp-content/uploads/2018/07/IMG_2961-1.jpg 1365w, https://sabaly.fr/wp-content/uploads/2018/07/IMG_2961-1-200x300.jpg 200w, https://sabaly.fr/wp-content/uploads/2018/07/IMG_2961-1-768x1152.jpg 768w, https://sabaly.fr/wp-content/uploads/2018/07/IMG_2961-1-683x1024.jpg 683w, https://sabaly.fr/wp-content/uploads/2018/07/IMG_2961-1-600x900.jpg 600w" sizes="(max-width: 1365px) 100vw, 1365px" />			</div>
		
					<div class="edgtf-team-info">
									<div class="edgtf-team-title-holder normal_social">
													<h5 class="edgtf-team-name">
								Loic Butterlin							</h5>
																			<p class="edgtf-team-position">Batterie, percussions, choeurs</p>
											</div>
				
				
		<div class="edgtf-team-social-holder-between">
			<div class="edgtf-team-social normal_social">
				<div class="edgtf-team-social-inner">
					<div class="edgtf-team-social-wrapp">

						
					</div>
				</div>
			</div>
		</div>

		</div>
	</div>
</div>[/vc_column][vc_column offset= »vc_col-lg-3 vc_col-md-6&Prime;]
<div class="edgtf-team main-info-below-image">
	<div class="edgtf-team-inner">
					<div class="edgtf-team-image">
 <img width="1365" height="2048" src="https://sabaly.fr/wp-content/uploads/2018/07/IMG_2971.jpg" class="attachment-full size-full" alt="" loading="lazy" srcset="https://sabaly.fr/wp-content/uploads/2018/07/IMG_2971.jpg 1365w, https://sabaly.fr/wp-content/uploads/2018/07/IMG_2971-200x300.jpg 200w, https://sabaly.fr/wp-content/uploads/2018/07/IMG_2971-768x1152.jpg 768w, https://sabaly.fr/wp-content/uploads/2018/07/IMG_2971-683x1024.jpg 683w, https://sabaly.fr/wp-content/uploads/2018/07/IMG_2971-600x900.jpg 600w" sizes="(max-width: 1365px) 100vw, 1365px" />			</div>
		
					<div class="edgtf-team-info">
									<div class="edgtf-team-title-holder normal_social">
													<h5 class="edgtf-team-name">
								Francis Dschoutezo							</h5>
																			<p class="edgtf-team-position">Bass, choeurs</p>
											</div>
				
				
		<div class="edgtf-team-social-holder-between">
			<div class="edgtf-team-social normal_social">
				<div class="edgtf-team-social-inner">
					<div class="edgtf-team-social-wrapp">

						
					</div>
				</div>
			</div>
		</div>

		</div>
	</div>
</div>[/vc_column][vc_column offset= »vc_col-lg-3 vc_col-md-6&Prime;]
<div class="edgtf-team main-info-below-image">
	<div class="edgtf-team-inner">
					<div class="edgtf-team-image">
 <img width="1365" height="2048" src="https://sabaly.fr/wp-content/uploads/2018/07/IMG_2963.jpg" class="attachment-full size-full" alt="" loading="lazy" srcset="https://sabaly.fr/wp-content/uploads/2018/07/IMG_2963.jpg 1365w, https://sabaly.fr/wp-content/uploads/2018/07/IMG_2963-200x300.jpg 200w, https://sabaly.fr/wp-content/uploads/2018/07/IMG_2963-768x1152.jpg 768w, https://sabaly.fr/wp-content/uploads/2018/07/IMG_2963-683x1024.jpg 683w, https://sabaly.fr/wp-content/uploads/2018/07/IMG_2963-600x900.jpg 600w" sizes="(max-width: 1365px) 100vw, 1365px" />			</div>
		
					<div class="edgtf-team-info">
									<div class="edgtf-team-title-holder normal_social">
													<h5 class="edgtf-team-name">
								Issouf Mounkoro							</h5>
																			<p class="edgtf-team-position">Chant lead, Kora, N&#039;goni, N&#039;tama</p>
											</div>
				
				
		<div class="edgtf-team-social-holder-between">
			<div class="edgtf-team-social normal_social">
				<div class="edgtf-team-social-inner">
					<div class="edgtf-team-social-wrapp">

						
					</div>
				</div>
			</div>
		</div>

		</div>
	</div>
</div>[/vc_column][vc_column offset= »vc_col-lg-3 vc_col-md-6&Prime;]
<div class="edgtf-team main-info-below-image">
	<div class="edgtf-team-inner">
					<div class="edgtf-team-image">
 <img width="1365" height="2048" src="https://sabaly.fr/wp-content/uploads/2018/07/IMG_2972-1.jpg" class="attachment-full size-full" alt="" loading="lazy" srcset="https://sabaly.fr/wp-content/uploads/2018/07/IMG_2972-1.jpg 1365w, https://sabaly.fr/wp-content/uploads/2018/07/IMG_2972-1-200x300.jpg 200w, https://sabaly.fr/wp-content/uploads/2018/07/IMG_2972-1-768x1152.jpg 768w, https://sabaly.fr/wp-content/uploads/2018/07/IMG_2972-1-683x1024.jpg 683w, https://sabaly.fr/wp-content/uploads/2018/07/IMG_2972-1-600x900.jpg 600w" sizes="(max-width: 1365px) 100vw, 1365px" />			</div>
		
					<div class="edgtf-team-info">
									<div class="edgtf-team-title-holder normal_social">
													<h5 class="edgtf-team-name">
								Naguibe Yaya							</h5>
																			<p class="edgtf-team-position">Guitare, choeurs</p>
											</div>
				
				
		<div class="edgtf-team-social-holder-between">
			<div class="edgtf-team-social normal_social">
				<div class="edgtf-team-social-inner">
					<div class="edgtf-team-social-wrapp">

						
					</div>
				</div>
			</div>
		</div>

		</div>
	</div>
</div>[/vc_column][/vc_row]</p>

<p>[vc_row row_type= »parallax » content_width= »grid » content_aligment= »center » el_id= »image-container »][vc_column el_id= »test »][/vc_column][/vc_row][vc_row content_width= »grid » content_aligment= »center » css= ».vc_custom_1531171971269{padding-top: 10px !important;padding-bottom: 28px !important;} »][vc_column offset= »vc_col-lg-offset-2 vc_col-lg-8 vc_col-md-offset-3 vc_col-md-8&Prime;][vc_column_text] LE GROUPE [/vc_column_text][vc_empty_space height= »10px »][vc_column_text] Formé en 2004, Sabaly se dresse comme un pont entre Afrique et France. Ce mariage entre instruments électriques et africains est un mélange réussi de&#8230;</p>
